{"id":138,"date":"2025-01-31T11:21:38","date_gmt":"2025-01-31T10:21:38","guid":{"rendered":"https:\/\/institutpourlademocratie.com\/?page_id=138"},"modified":"2025-05-16T15:33:46","modified_gmt":"2025-05-16T13:33:46","slug":"elementor-page-138","status":"publish","type":"page","link":"https:\/\/institutpourlademocratie.com\/?page_id=138","title":{"rendered":"Qui est Jean Baechler ?"},"content":{"rendered":"\t\t<div data-elementor-type=\"wp-page\" data-elementor-id=\"138\" class=\"elementor elementor-138\">\n\t\t\t\t<div class=\"elementor-element elementor-element-f94fdca e-flex e-con-boxed e-con e-parent\" data-id=\"f94fdca\" data-element_type=\"container\" data-e-type=\"container\">\n\t\t\t\t\t<div class=\"e-con-inner\">\n\t\t\t\t<div class=\"elementor-element elementor-element-6aea7df elementor-widget__width-initial e-transform elementor-fixed elementor-widget elementor-widget-image\" data-id=\"6aea7df\" data-element_type=\"widget\" data-e-type=\"widget\" data-settings=\"{&quot;_transform_scale_effect&quot;:{&quot;unit&quot;:&quot;px&quot;,&quot;size&quot;:0.6,&quot;sizes&quot;:[]},&quot;_position&quot;:&quot;fixed&quot;,&quot;_transform_scale_effect_tablet&quot;:{&quot;unit&quot;:&quot;px&quot;,&quot;size&quot;:&quot;&quot;,&quot;sizes&quot;:[]},&quot;_transform_scale_effect_mobile&quot;:{&quot;unit&quot;:&quot;px&quot;,&quot;size&quot;:&quot;&quot;,&quot;sizes&quot;:[]}}\" data-widget_type=\"image.default\">\n\t\t\t\t<div class=\"elementor-widget-container\">\n\t\t\t\t\t\t\t\t\t\t\t\t\t\t\t\t<a href=\"https:\/\/institutpourlademocratie.com\/?page_id=352\">\n\t\t\t\t\t\t\t<img decoding=\"async\" src=\"https:\/\/institutpourlademocratie.com\/wp-content\/uploads\/2025\/01\/flag-02.png\" title=\"flag-02\" alt=\"flag-02\" loading=\"lazy\" \/>\t\t\t\t\t\t\t\t<\/a>\n\t\t\t\t\t\t\t\t\t\t\t\t\t\t\t<\/div>\n\t\t\t\t<\/div>\n\t\t\t\t\t<\/div>\n\t\t\t\t<\/div>\n\t\t<div class=\"elementor-element elementor-element-deeb972 e-flex e-con-boxed e-con e-parent\" data-id=\"deeb972\" data-element_type=\"container\" data-e-type=\"container\">\n\t\t\t\t\t<div class=\"e-con-inner\">\n\t\t\t\t<div class=\"elementor-element elementor-element-f05cbfa elementor-widget elementor-widget-image\" data-id=\"f05cbfa\" data-element_type=\"widget\" data-e-type=\"widget\" data-widget_type=\"image.default\">\n\t\t\t\t<div class=\"elementor-widget-container\">\n\t\t\t\t\t\t\t\t\t\t\t\t\t\t\t<img decoding=\"async\" width=\"134\" height=\"186\" src=\"https:\/\/institutpourlademocratie.com\/wp-content\/uploads\/2025\/01\/Jean-Baechler.jpg\" class=\"attachment-large size-large wp-image-145\" alt=\"\" \/>\t\t\t\t\t\t\t\t\t\t\t\t\t\t\t<\/div>\n\t\t\t\t<\/div>\n\t\t\t\t\t<\/div>\n\t\t\t\t<\/div>\n\t\t<div class=\"elementor-element elementor-element-f40fc4e e-flex e-con-boxed e-con e-parent\" data-id=\"f40fc4e\" data-element_type=\"container\" data-e-type=\"container\">\n\t\t\t\t\t<div class=\"e-con-inner\">\n\t\t\t\t<div class=\"elementor-element elementor-element-698363f elementor-widget elementor-widget-spacer\" data-id=\"698363f\" data-element_type=\"widget\" data-e-type=\"widget\" data-widget_type=\"spacer.default\">\n\t\t\t\t<div class=\"elementor-widget-container\">\n\t\t\t\t\t\t\t<div class=\"elementor-spacer\">\n\t\t\t<div class=\"elementor-spacer-inner\"><\/div>\n\t\t<\/div>\n\t\t\t\t\t\t<\/div>\n\t\t\t\t<\/div>\n\t\t\t\t\t<\/div>\n\t\t\t\t<\/div>\n\t\t<div class=\"elementor-element elementor-element-8996af3 e-flex e-con-boxed e-con e-parent\" data-id=\"8996af3\" data-element_type=\"container\" data-e-type=\"container\">\n\t\t\t\t\t<div class=\"e-con-inner\">\n\t\t<div class=\"elementor-element elementor-element-feb16b6 e-con-full e-flex e-con e-child\" data-id=\"feb16b6\" data-element_type=\"container\" data-e-type=\"container\">\n\t\t\t\t<div class=\"elementor-element elementor-element-1438b24 elementor-widget elementor-widget-text-editor\" data-id=\"1438b24\" data-element_type=\"widget\" data-e-type=\"widget\" data-widget_type=\"text-editor.default\">\n\t\t\t\t<div class=\"elementor-widget-container\">\n\t\t\t\t\t\t\t\t\t<h5><strong><span style=\"font-family: Times;\">Jean Baechler, n\u00e9 \u00e0 Thionville en 1937 et d\u00e9c\u00e9d\u00e9 \u00e0 Draveil en ao\u00fbt 2022, est un philosophe politique dans la tradition des grands classiques, Aristote, Locke, Montesquieu et Tocqueville. Professeur \u00e9m\u00e9rite de sociologie historique \u00e0 la Sorbonne, membre de l\u2019Acad\u00e9mie des sciences morales et politique de l\u2019Institut de France, il est le disciple le plus \u00e9minent de Raymond Aron. Son \u0153uvre consid\u00e9rable, qui compte une quarantaine d\u2019ouvrages de rigueur scientifique, r\u00e9dig\u00e9s dans un langue de qualit\u00e9 litt\u00e9raire encore inconnue \u00e0 ce niveau d\u2019abstraction.<\/span><\/strong><\/h5><h5><strong style=\"font-size: var(--wp--preset--font-size--normal); font-family: var( --e-global-typography-text-font-family ), Sans-serif; text-align: var(--text-align);\"><span style=\"font-family: Times;\">Apr\u00e8s une th\u00e8se sur&nbsp;<i>Les suicides<\/i>, la nouvelle r\u00e9f\u00e9rence depuis Durkheim, Jean Baechler, agr\u00e9g\u00e9 d\u2019histoire, a b\u00e2ti au fil des ans une th\u00e9orie g\u00e9n\u00e9rale des r\u00e9gimes politiques, et plus avant de la d\u00e9mocratie elle-m\u00eame. Prenant l\u2019histoire de l\u2019humanit\u00e9 d\u00e8s le pal\u00e9olithique comme un laboratoire, il confronte les faits fournis par l\u2019ethnographie, l\u2019anthropologie et l\u2019historiographie aux hypoth\u00e8ses les plus rationnelles, pulv\u00e9risant nombre d\u2019id\u00e9es re\u00e7ues. Ses premiers travaux sont r\u00e9sum\u00e9s dans une \u0153uvre ma\u00eetresse (<i>D\u00e9mocraties<\/i>, Callman-L\u00e9vy, 1984<\/span><span style=\"font-size: 10pt; font-family: Times;\">)<\/span><span style=\"font-family: Times;\">&nbsp;dans laquelle, proc\u00e9dant \u00e0 la fa\u00e7on de Mendele\u00efev pour qu\u2019aucun \u00e9l\u00e9ment ne lui \u00e9chappe, il classifie les r\u00e9gimes politiques en esp\u00e8ces dans une qu\u00eate de discriminants qui l\u2019oblige, quand les outils sont d\u00e9faillants, \u00e0 cr\u00e9er des mots et en faire de nouveaux concepts.<\/span><\/strong><\/h5><h5><strong style=\"font-size: var(--wp--preset--font-size--normal); font-family: var( --e-global-typography-text-font-family ), Sans-serif; text-align: var(--text-align);\"><span style=\"font-family: Times;\">Dans son&nbsp;<i>Essai sur les origines sur le capitalisme<\/i>&nbsp;(Gallimard, coll. Id\u00e9es) Jean Baechler d\u00e9montre pourquoi c\u2019est bien le politique qui d\u00e9termine l\u2019\u00e9conomique, non l\u2019inverse, et prend ainsi \u00e0 contrepied des r\u00e9f\u00e9rences classiques dans les milieux intellectuels (Marx et Saint-Simon). Parmi ses autres ouvrages les plus marquants, il convient de citer :&nbsp;&nbsp;<i>Qu\u2019est-ce que l\u2019id\u00e9ologie ?&nbsp;<\/i>(Gallimard, 1971)&nbsp;<i>Le Pouvoir pur&nbsp;<\/i>(Calmann-L\u00e9vy, 1978),&nbsp;<i>Esquisse d\u2019une histoire universelle&nbsp;<\/i>(Fayard, 2002),&nbsp;<i>Pr\u00e9cis de philosophie politique<\/i>&nbsp;(Hermann, 2014), o\u00f9 il concentre r\u00e9unies les cl\u00e9s qu\u2019il propose pour d\u00e9crypter les fondations communes \u00e0 la science, \u00e0 la sociologie, \u00e0 la philosophie et \u00e0 l\u2019histoire politique. Dans son&nbsp;<i>Pr\u00e9cis de la d\u00e9mocratie<\/i>, r\u00e9dig\u00e9 en 1993 \u00e0 la demande de l\u2019Unesco, il prouve dans un raisonnement continu de 140 pages, denses et profondes, pourquoi la d\u00e9mocratie est le r\u00e9gime naturel \u00e0 l\u2019esp\u00e8ce humaine, dont on peut d\u00e9duire le mod\u00e8le pur et parfait. La justice appara\u00eet ici comme la valeur centrale, car elle est le moyen par lequel la paix est rendue possible, la fin premi\u00e8re et derni\u00e8re du politique. Seules des r\u00e8gles justes peuvent engendrer des d\u00e9mocraties bien conform\u00e9es.<\/span><\/strong><\/h5><h5><strong style=\"font-size: var(--wp--preset--font-size--normal); font-family: var( --e-global-typography-text-font-family ), Sans-serif; text-align: var(--text-align);\"><span style=\"font-family: Times;\">Il faut regretter que cette \u0153uvre monumentale, qui fera date dans l\u2019histoire des id\u00e9es, n\u2019ait pas encore \u00e9t\u00e9 traduite en langue anglaise, un frein manifeste aux avanc\u00e9es du savoir contemporain. L\u2019un des rares grands intellectuels de notre \u00e9poque s\u2019est \u00e9teint dans l\u2019indiff\u00e9rence g\u00e9n\u00e9rale et dans l\u2019ignorance m\u00eame de ses propres compatriotes, ce qui en dit long sur notre pr\u00e9tendue soci\u00e9t\u00e9 de l\u2019information.&nbsp; &nbsp; &nbsp; &nbsp; &nbsp; &nbsp; &nbsp; &nbsp; &nbsp; &nbsp; &nbsp; &nbsp; G<\/span><span style=\"font-family: Times; text-indent: 35.4pt;\">.L.<\/span><\/strong><\/h5>\t\t\t\t\t\t\t\t<\/div>\n\t\t\t\t<\/div>\n\t\t\t\t<\/div>\n\t\t\t\t\t<\/div>\n\t\t\t\t<\/div>\n\t\t\t\t<\/div>\n\t\t","protected":false},"excerpt":{"rendered":"<p>Jean Baechler, n\u00e9 \u00e0 Thionville en 1937 et d\u00e9c\u00e9d\u00e9 \u00e0 Draveil en ao\u00fbt 2022, est un philosophe politique dans la tradition des grands classiques, Aristote, Locke, Montesquieu et Tocqueville. Professeur \u00e9m\u00e9rite de sociologie historique \u00e0 la Sorbonne, membre de l\u2019Acad\u00e9mie des sciences morales et politique de l\u2019Institut de France, il est le disciple le plus [&hellip;]<\/p>\n","protected":false},"author":1,"featured_media":0,"parent":0,"menu_order":0,"comment_status":"closed","ping_status":"closed","template":"","meta":{"footnotes":""},"class_list":["post-138","page","type-page","status-publish","hentry"],"_links":{"self":[{"href":"https:\/\/institutpourlademocratie.com\/index.php?rest_route=\/wp\/v2\/pages\/138","targetHints":{"allow":["GET"]}}],"collection":[{"href":"https:\/\/institutpourlademocratie.com\/index.php?rest_route=\/wp\/v2\/pages"}],"about":[{"href":"https:\/\/institutpourlademocratie.com\/index.php?rest_route=\/wp\/v2\/types\/page"}],"author":[{"embeddable":true,"href":"https:\/\/institutpourlademocratie.com\/index.php?rest_route=\/wp\/v2\/users\/1"}],"replies":[{"embeddable":true,"href":"https:\/\/institutpourlademocratie.com\/index.php?rest_route=%2Fwp%2Fv2%2Fcomments&post=138"}],"version-history":[{"count":47,"href":"https:\/\/institutpourlademocratie.com\/index.php?rest_route=\/wp\/v2\/pages\/138\/revisions"}],"predecessor-version":[{"id":589,"href":"https:\/\/institutpourlademocratie.com\/index.php?rest_route=\/wp\/v2\/pages\/138\/revisions\/589"}],"wp:attachment":[{"href":"https:\/\/institutpourlademocratie.com\/index.php?rest_route=%2Fwp%2Fv2%2Fmedia&parent=138"}],"curies":[{"name":"wp","href":"https:\/\/api.w.org\/{rel}","templated":true}]}}

<div data-elementor-type="wp-page" data-elementor-id="138" class="elementor elementor-138">
				<div class="elementor-element elementor-element-f94fdca e-flex e-con-boxed e-con e-parent" data-id="f94fdca" data-element_type="container" data-e-type="container">
					<div class="e-con-inner">
				<div class="elementor-element elementor-element-6aea7df elementor-widget__width-initial e-transform elementor-fixed elementor-widget elementor-widget-image" data-id="6aea7df" data-element_type="widget" data-e-type="widget" data-settings="{&quot;_transform_scale_effect&quot;:{&quot;unit&quot;:&quot;px&quot;,&quot;size&quot;:0.6,&quot;sizes&quot;:[]},&quot;_position&quot;:&quot;fixed&quot;,&quot;_transform_scale_effect_tablet&quot;:{&quot;unit&quot;:&quot;px&quot;,&quot;size&quot;:&quot;&quot;,&quot;sizes&quot;:[]},&quot;_transform_scale_effect_mobile&quot;:{&quot;unit&quot;:&quot;px&quot;,&quot;size&quot;:&quot;&quot;,&quot;sizes&quot;:[]}}" data-widget_type="image.default">
				<div class="elementor-widget-container">
																<a href="https://institutpourlademocratie.com/?page_id=352">
							<img decoding="async" src="https://institutpourlademocratie.com/wp-content/uploads/2025/01/flag-02.png" title="flag-02" alt="flag-02" loading="lazy" />								</a>
															</div>
				</div>
					</div>
				</div>
		<div class="elementor-element elementor-element-deeb972 e-flex e-con-boxed e-con e-parent" data-id="deeb972" data-element_type="container" data-e-type="container">
					<div class="e-con-inner">
				<div class="elementor-element elementor-element-f05cbfa elementor-widget elementor-widget-image" data-id="f05cbfa" data-element_type="widget" data-e-type="widget" data-widget_type="image.default">
				<div class="elementor-widget-container">
															<img decoding="async" width="134" height="186" src="https://institutpourlademocratie.com/wp-content/uploads/2025/01/Jean-Baechler.jpg" class="attachment-large size-large wp-image-145" alt="" />															</div>
				</div>
					</div>
				</div>
		<div class="elementor-element elementor-element-f40fc4e e-flex e-con-boxed e-con e-parent" data-id="f40fc4e" data-element_type="container" data-e-type="container">
					<div class="e-con-inner">
				<div class="elementor-element elementor-element-698363f elementor-widget elementor-widget-spacer" data-id="698363f" data-element_type="widget" data-e-type="widget" data-widget_type="spacer.default">
				<div class="elementor-widget-container">
							<div class="elementor-spacer">
			<div class="elementor-spacer-inner"></div>
		</div>
						</div>
				</div>
					</div>
				</div>
		<div class="elementor-element elementor-element-8996af3 e-flex e-con-boxed e-con e-parent" data-id="8996af3" data-element_type="container" data-e-type="container">
					<div class="e-con-inner">
		<div class="elementor-element elementor-element-feb16b6 e-con-full e-flex e-con e-child" data-id="feb16b6" data-element_type="container" data-e-type="container">
				<div class="elementor-element elementor-element-1438b24 elementor-widget elementor-widget-text-editor" data-id="1438b24" data-element_type="widget" data-e-type="widget" data-widget_type="text-editor.default">
				<div class="elementor-widget-container">
									<h5><strong><span style="font-family: Times;">Jean Baechler, né à Thionville en 1937 et décédé à Draveil en août 2022, est un philosophe politique dans la tradition des grands classiques, Aristote, Locke, Montesquieu et Tocqueville. Professeur émérite de sociologie historique à la Sorbonne, membre de l’Académie des sciences morales et politique de l’Institut de France, il est le disciple le plus éminent de Raymond Aron. Son œuvre considérable, qui compte une quarantaine d’ouvrages de rigueur scientifique, rédigés dans un langue de qualité littéraire encore inconnue à ce niveau d’abstraction.</span></strong></h5><h5><strong style="font-size: var(--wp--preset--font-size--normal); font-family: var( --e-global-typography-text-font-family ), Sans-serif; text-align: var(--text-align);"><span style="font-family: Times;">Après une thèse sur&nbsp;<i>Les suicides</i>, la nouvelle référence depuis Durkheim, Jean Baechler, agrégé d’histoire, a bâti au fil des ans une théorie générale des régimes politiques, et plus avant de la démocratie elle-même. Prenant l’histoire de l’humanité dès le paléolithique comme un laboratoire, il confronte les faits fournis par l’ethnographie, l’anthropologie et l’historiographie aux hypothèses les plus rationnelles, pulvérisant nombre d’idées reçues. Ses premiers travaux sont résumés dans une œuvre maîtresse (<i>Démocraties</i>, Callman-Lévy, 1984</span><span style="font-size: 10pt; font-family: Times;">)</span><span style="font-family: Times;">&nbsp;dans laquelle, procédant à la façon de Mendeleïev pour qu’aucun élément ne lui échappe, il classifie les régimes politiques en espèces dans une quête de discriminants qui l’oblige, quand les outils sont défaillants, à créer des mots et en faire de nouveaux concepts.</span></strong></h5><h5><strong style="font-size: var(--wp--preset--font-size--normal); font-family: var( --e-global-typography-text-font-family ), Sans-serif; text-align: var(--text-align);"><span style="font-family: Times;">Dans son&nbsp;<i>Essai sur les origines sur le capitalisme</i>&nbsp;(Gallimard, coll. Idées) Jean Baechler démontre pourquoi c’est bien le politique qui détermine l’économique, non l’inverse, et prend ainsi à contrepied des références classiques dans les milieux intellectuels (Marx et Saint-Simon). Parmi ses autres ouvrages les plus marquants, il convient de citer :&nbsp;&nbsp;<i>Qu’est-ce que l’idéologie ?&nbsp;</i>(Gallimard, 1971)&nbsp;<i>Le Pouvoir pur&nbsp;</i>(Calmann-Lévy, 1978),&nbsp;<i>Esquisse d’une histoire universelle&nbsp;</i>(Fayard, 2002),&nbsp;<i>Précis de philosophie politique</i>&nbsp;(Hermann, 2014), où il concentre réunies les clés qu’il propose pour décrypter les fondations communes à la science, à la sociologie, à la philosophie et à l’histoire politique. Dans son&nbsp;<i>Précis de la démocratie</i>, rédigé en 1993 à la demande de l’Unesco, il prouve dans un raisonnement continu de 140 pages, denses et profondes, pourquoi la démocratie est le régime naturel à l’espèce humaine, dont on peut déduire le modèle pur et parfait. La justice apparaît ici comme la valeur centrale, car elle est le moyen par lequel la paix est rendue possible, la fin première et dernière du politique. Seules des règles justes peuvent engendrer des démocraties bien conformées.</span></strong></h5><h5><strong style="font-size: var(--wp--preset--font-size--normal); font-family: var( --e-global-typography-text-font-family ), Sans-serif; text-align: var(--text-align);"><span style="font-family: Times;">Il faut regretter que cette œuvre monumentale, qui fera date dans l’histoire des idées, n’ait pas encore été traduite en langue anglaise, un frein manifeste aux avancées du savoir contemporain. L’un des rares grands intellectuels de notre époque s’est éteint dans l’indifférence générale et dans l’ignorance même de ses propres compatriotes, ce qui en dit long sur notre prétendue société de l’information.&nbsp; &nbsp; &nbsp; &nbsp; &nbsp; &nbsp; &nbsp; &nbsp; &nbsp; &nbsp; &nbsp; &nbsp; G</span><span style="font-family: Times; text-indent: 35.4pt;">.L.</span></strong></h5>								</div>
				</div>
				</div>
					</div>
				</div>
				</div>

<p>Jean Baechler, né à Thionville en 1937 et décédé à Draveil en août 2022, est un philosophe politique dans la tradition des grands classiques, Aristote, Locke, Montesquieu et Tocqueville. Professeur émérite de sociologie historique à la Sorbonne, membre de l’Académie des sciences morales et politique de l’Institut de France, il est le disciple le plus [&hellip;]</p>
